10) in base 2?
-10010000101010010110000
What is 50837 (base 14) in base 5?
22144242
Convert 304010022 (base 6) to base 12.
1900912
What is 20152323 (base 7) in base 10?
1676748
What is 1221221352 (base 6) in base 5?
12044440311
Convert 392568 (base 10) to base 13.
1098b7
-466663 (base 11) to base 16
-b4ddf
-322303 (base 5) to base 7
-43635
Convert 605fe (base 16) to base 10.
394750
110011010010100110 (base 2) to base 12
a16b2
Convert 67737b (base 14) to base 7.
41612014
-2341432012 (base 5) to base 10
-5420882
What is -1300110 (base 4) in base 15?
-21e3
Convert -45b7c3 (base 14) to base 8.
-11036677
1111032303 (base 4) to base 7
2652543
What is 737177 (base 9) in base 5?
103011110
Convert 511277 (base 10) to base 13.
14b940
Convert 100d9d (base 15) to base 2.
10111010001001010000
Convert -12397479 (base 10) to base 9.
-25285126
34203123 (base 5) to base 16
4a1b2
-100011002222 (base 3) to base 5
-21231033
Convert -32222010 (base 4) to base 8.
-165204
40542540 (base 8) to base 3
121010102010010
What is -111010000001001011 (base 2) in base 8?
-720113
-13033233221 (base 4) to base 14
-376345
What is -1137cb (base 16) in base 7?
-12406532
-12ee1f (base 16) to base 12
-4b9b3b
What is 6d1dc4 (base 14) in base 11?
2119850
107015670 (base 8) to base 4
1013001232320
What is -1032434031 (base 5) in base 2?
-1000100001010100101001
What is -21d5c4 (base 16) in base 3?
-11011122201101
What is d20a4c (base 16) in base 6?
1211011432
Convert 11673032 (base 8) to base 14.
4b4682
Convert -13442322 (base 7) to base 15.
-19b916
-1320101202 (base 4) to base 11
-307147
-4acfe (base 16) to base 11
-19a253
What is 537364 (base 16) in base 6?
313115324
Convert -be6921 (base 15) to base 13.
-1b60a72
What is 199864b (base 12) in base 8?
24547233
What is 11001111110000011111 (base 2) in base 13?
23a448
413311012 (base 5) to base 15
238007
Convert -22001121020 (base 3) to base 8.
-465647
-1111100001101100101001 (base 2) to base 11
-232aa99
1122724 (base 9) to base 11
38404a
-1001100101110000010111 (base 2) to base 14
-496235
Convert a28008 (base 15) to base 2.
11101011101010000011000
Convert -839174 (base 10) to base 16.
-cce06
-1413131 (base 5) to base 10
-29166
11b121 (base 13) to base 9
715822
What is -1a6c07 (base 13) in base 2?
-10100100000101111000
Convert 66305f (base 16) to base 13.
1506371
What is -414a13 (base 12) in base 3?
-1221001020220
Convert -8444646 (base 9) to base 12.
-161a2b0
Convert -51ac5d (base 16) to base 3.
-101001221022021
What is -52342543 (base 6) in base 3?
-2212022222200
What is -35854 (base 13) in base 8?
-277451
34de99 (base 16) to base 3
20112000220001
What is 101220210222 (base 3) in base 15?
43a2e
-2808881 (base 11) to base 13
-1007627
Convert -2017cf (base 16) to base 5.
-1014300442
Convert 2517777 (base 8) to base 9.
1271147
What is 112564324 (base 7) in base 10?
6923620
-272716 (base 9) to base 11
-103849
What is -42000341 (base 5) in base 8?
-1237446
What is 709758 (base 10) in base 16?
ad47e
What is -babdb (base 14) in base 12?
-199951
Convert 42ca27 (base 13) to base 12.
638951
Convert -330469 (base 10) to base 8.
-1205345
What is 37120 (base 8) in base 13?
7351
100020000 (base 3) to base 6
51043
Convert -233102112 (base 4) to base 13.
-6a20c
Convert 6736545 (base 8) to base 14.
354741
What is 1b87159 (base 12) in base 16?
5a0c15
202001220011 (base 3) to base 6
12244521
23544823 (base 9) to base 4
223310002113
-232002310302 (base 4) to base 10
-12070194
110135232 (base 6) to base 9
3635542
Convert -2100000002021 (base 3) to base 11.
-777775
26414836 (base 9) to base 5
11312012223
10c1229 (base 13) to base 4
103232232033
Convert -356c2 (base 13) to base 4.
-113320300
What is 9c863 (base 16) in base 8?
2344143
1100010022100 (base 3) to base 4
2231211120
Convert 1621033 (base 9) to base 13.
256623
Convert 2b09c (base 16) to base 7.
1332643
Convert -27a49 (base 11) to base 16.
-9bb6
What is 13059 (base 14) in base 15?
dca2
Convert 10014001 (base 5) to base 13.
2a0c3
What is -108125a (base 11) in base 9?
-3501033
Convert 10eeb (base 16) to base 8.
207353
-447453 (base 10) to base 3
-211201210100
530142432 (base 6) to base 11
5249824
-9c930 (base 13) to base 12
-118ab9
Convert -112121120000 (base 3) to base 13.
-a0bc6
-261364 (base 9) to base 7
-1230040
7017245 (base 8) to base 9
3417824
Convert -5683703 (base 9) to base 6.
-145421520
What is 234708 (base 12) in base 13?
16b59c
722856 (base 10) to base 11
454102
24432611 (base 9) to base 16
b655df
-21810c (base 14) to base 4
-10111121200
-230202211 (base 4) to base 8
-544245
What is 225040 (base 6) in base 3?
222101220
-14273240 (base 8) to base 16
-3176a0
Convert -83a94 (base 15) to base 16.
-65eea
1315825 (base 11) to base 2
1000101011111010001101
What is 1265520 (base 7) in base 2?
101000111011011011
Convert 11222033212 (base 4) to base 12.
5b679a
What is 535100024 (base 6) in base 13?
1c6b66a
11300225 (base 6) to base 13
c340a
-25563 (base 8) to base 15
-3468
What is 2d885 (base 14) in base 2?
11011111000001101
Convert 111412643 (base 7) to base 9.
13667712
Convert 73519 (base 12) to base 9.
250213
What is -1320144 (base 7) in base 9?
-283220
69772 (base 11) to base 7
566510
33223001201 (base 4) to base 11
2356766
Convert -144340014 (base 6) to base 13.
-817141
What is e12bc (base 16) in base 14?
1a0188
What is 489373 (base 10) in base 12?
1b7251
Convert -2931683 (base 10) to base 2.
-1011001011101111100011
196947 (base 13) to base 6
21441200
-2253275 (base 9) to base 2
-100101000111011001010
Convert -76556 (base 11) to base 14.
-2c707
What is 11b38a (base 12) in base 13?
a1797
34a505 (base 11) to base 15
ae977
-32a2b (base 16) to base 12
-a0037
Convert -602cb8 (base 14) to base 16.
-315c82
Convert -221022012302 (base 4) to base 9.
-22264118
621185 (base 10) to base 13
189986
312bb41 (base 12) to base 2
100011010110111010100001
What is -4013337 (base 9) in base 14?
-3d7dad
What is -1340310 (base 5) in base 2?
-110101110111100
cc4039 (base 15) to base 14
14152dc
What is 110211220111120 (base 3) in base 2?
11010000011000010010100
-b5132a (base 12) to base 4
-22312012102
What is -11010100100210 (base 3) in base 14?
-4109b8
Convert 1121021212 (base 3) to base 10.
31559
-c3426 (base 16) to base 7
-6540504
Convert 594d (base 16) to base 5.
1212421
Convert -12320145 (base 7) to base 15.
-1701b6
What is -4660140 (base 10) in base 5?
-2143111030
What is -555244 (base 6) in base 10?
-46540
Convert 311072 (base 8) to base 12.
4b70a
What is 993345 (base 10) in base 11?
619351
-8088667 (base 9) to base 7
-51431515
8658778 (base 10) to base 2
100001000001111101011010
-136267d (base 15) to base 16
-d5542e
Convert 7611561 (base 9) to base 2.
1111100100100111010011
121201010020 (base 3) to base 4
1100102202
What is 38077 (base 11) in base 10?
54655
Convert 150404 (base 9) to base 8.
264026
5a5984 (base 12) to base 15
1dd0c1
-27592 (base 11) to base 6
-501545
33302100 (base 4) to base 10
64656
-2702898 (base 10) to base 4
-22103320302
What is -6be422 (base 15) in base 11?
-2a05848
Convert -63707 (base 11) to base 8.
-265025
What is -b2cd75 (base 16) in base 8?
-54546565
Convert 223013233330 (base 4) to base 6.
1042141004
Convert 1059212 (base 11) to base 9.
3440283
What is -29331 (base 13) in base 6?
-1354310
-981503 (base 10) to base 4
-3233213333
-11022112200200 (base 3) to base 5
-1041401223
What is -45ea (base 16) in base 6?
-214510
Convert 424516 (base 8) to base 4.
202211032
477b29 (base 12) to base 9
2148226
What is 1da18d (base 14) in base 15?
160848
Convert -2205045 (base 8) to base 9.
-1102575
2af20 (base 16) to base 2
101010111100100000
Convert -115161625 (base 7) to base 14.
-d58dbc
105651 (base 8) to base 6
433305
1635153 (base 7) to base 14
5cc9a
What is -bb10b (base 13) in base 16?
-52a56
What is -333426 (base 9) in base 11?
-126871
What is 23284516 (base 9) in base 8?
53171047
What is 20313230130 (base 4) in base 7?
25523142
Convert -3313323111 (base 4) to base 12.
-40b819
Convert -10230144 (base 6) to base 8.
-1110660
-1352660 (base 8) to base 13
-105082
-49960a (base 12) to base 7
-13120546
32630 (base 14) to base 13
43681
What is 425a79 (base 12) in base 10?
1046973
19b79 (base 13) to base 16
c475
Convert 371368 (base 10) to base 5.
43340433
What is 24134330 (base 6) in base 7?
